4).
8
Let r(y) = -2*y + 109. Calculate r(-93).
295
Let r(k) = 29*k + 609. Give r(-24).
-87
Let z(n) = -8*n**2 - 1150*n - 1149. What is z(-1)?
-7
Let u(l) = -37*l**2 - 25*l + 9. What is u(-3)?
-249
Let d(p) = 4*p**2 + 230*p + 1899. Determine d(-10).
-1
Let m(t) = 2*t**3 + 17*t + 62. What is m(-6)?
-472
Let k(f) = f**3 + f**2 + 8*f + 12. What is k(-2)?
-8
Let c(t) = -4*t**3 - 44*t**2 - t + 2. Determine c(-11).
13
Let i(f) = -44*f**2 - 434*f + 17. Give i(-10).
-43
Let f(g) = g**3 - 20*g**2 + 45*g + 27. Calculate f(17).
-75
Let a(r) = -r**2 + 13*r + 205. Calculate a(24).
-59
Let o(v) = -2*v**3 + 13*v**2 - 458*v + 2273. What is o(5)?
58
Let i(s) = 10*s + 8. Determine i(-2).
-12
Let b(t) = -12*t**3 + 2*t**2 + 4*t + 592. Determine b(0).
592
Let f(t) = -3*t + 240. Calculate f(29).
153
Let x(d) = d**3 - 23*d**2 - 18*d + 90. Give x(24).
234
Let t(q) = -16*q + 111. Determine t(17).
-161
Let n(r) = 47*r - 144. Determine n(6).
138
Let p(v) = v**3 + v**2 + 32*v - 121. Calculate p(4).
87
Let z(d) = d**3 - 5*d**2 + 35*d - 540. Calculate z(8).
-68
Let n(c) = -2*c**3 + 10*c**2 - 57*c + 196. What is n(4)?
0
Let i(f) = -2126*f + 12766. Determine i(6).
10
Let g(f) = f**3 - 54*f**2 - 225*f - 4. Calculate g(58).
402
Let q(t) = 220*t - 13855. Determine q(63).
5
Let f(b) = 2*b**3 + 212*b**2 - 8*b - 710. What is f(-106)?
138
Let c(v) = -44*v - 245. What is c(-4)?
-69
Let d(a) = 56*a + 259. What is d(-6)?
-77
Let k(j) = -j**2 + 589*j - 3510. Determine k(6).
-12
Let f(p) = 13*p**2 - 67*p - 4. What is f(9)?
446
Let j(l) = 3*l**3 - 10*l**2 + 622*l - 1855. Give j(3).
2
Let v(l) = -34*l + 1809. Give v(54).
-27
Let m(o) = -61*o - 2503. What is m(-42)?
59
Let x(k) = k**2 + 9*k - 10. Calculate x(-9).
-10
Let w(v) = -107*v + 10268. Calculate w(96).
-4
Let l(s) = -260*s - 3384. Give l(-13).
-4
Let w(l) = -l**2 - 125*l - 1977. Calculate w(-20).
123
Let d(g) = -4*g**2 + 2*g - 15. Calculate d(3).
-45
Let s(q) = -4*q**3 - 44*q**2 - 4*q - 61. Determine s(-11).
-17
Let q(f) = -30*f**3 - 187*f**2 - 6*f + 30. Calculate q(-6).
-186
Let m(b) = 44*b + 2505. Calculate m(-53).
173
Let a(m) = 34*m - 515. Give a(12).
-107
Let g(c) = -36*c + 252. Give g(6).
36
Let m(p) = -p**3 + 4*p**2 - 59*p + 242. Give m(4).
6
Let b(q) = 13*q + 336. Calculate b(-32).
-80
Let q(r) = -32*r - 239. Determine q(-7).
-15
Let h(b) = -774*b + 1542. Give h(2).
-6
Let r(m) = 3*m**3 - 17*m**2 - 942*m + 5621. Give r(6).
5
Let j(k) = -k**3 + 8*k**2 - 25*k + 202. What is j(8)?
2
Let p(f) = f**3 - 20*f**2 - 44*f + 40. Determine p(22).
40
Let j(b) = -3*b**2 + 3*b + 59. Determine j(-6).
-67
Let h(i) = -i**3 - 35*i**2 - 54*i - 10. Give h(-33).
-406
Let v(r) = -r**3 - 25*r**2 - 66*r - 33. Determine v(-22).
-33
Let s(r) = 882*r - 2643. Determine s(3).
3
Let m(k) = k**2 + 21*k - 91. Determine m(-24).
-19
Let m(y) = 1041*y - 8340. Calculate m(8).
-12
Let s(u) = 166*u - 329. What is s(2)?
3
Let j(b) = -b**3 - 20*b**2 - 34*b - 12. Determine j(-14).
-712
Let q(m) = m**3 - 47*m**2 + 89*m + 36. Give q(45).
-9
Let p(b) = -128*b**2 - 27*b + 11. Calculate p(1).
-144
Let d(c) = 39*c + 4842. Determine d(-124).
6
Let g(q) = -5*q**2 + 3*q - 14. What is g(8)?
-310
Let w(k) = 47*k - 382. Calculate w(8).
-6
Let d(z) = 2*z**2 + z + 47. Calculate d(10).
257
Let n(r) = 50*r + 267. What is n(-21)?
-783
Let w(m) = 97*m**2 + 41*m + 41. Calculate w(-1).
97
Let o(n) = 80*n**2 + 156*n + 17. What is o(-2)?
25
Let f(x) = -x**2 + 16*x + 901. Calculate f(39).
4
Let q(x) = 142*x + 3927. Determine q(-27).
93
Let i(y) = 3*y**3 - 8*y**2 + 3*y - 10. Determine i(2).
-12
Let s(t) = -t**3 + t**2 + 2*t - 26. Calculate s(0).
-26
Let y(i) = 9*i - 52. Give y(7).
11
Let r(o) = -11*o**2 + 41*o + 43. What is r(9)?
-479
Let d(p) = 34*p**2 - 11*p + 3. Determine d(2).
117
Let t(h) = -h**2 - 12*h + 249. Give t(11).
-4
Let j(h) = -1124*h + 4450. What is j(4)?
-46
Let x(l) = -103*l - 39. Calculate x(-1).
64
Let a(o) = -o**3 + 30*o**2 - 85*o - 23. Determine a(27).
-131
Let v(i) = -6245*i - 18719. Calculate v(-3).
16
Let b(y) = y**3 + 17*y**2 + 61*y + 17. What is b(-11)?
72
Let m(k) = -1013*k**3 + 9*k + 9. Give m(-1).
1013
Let y(j) = 369*j - 5884. Give y(16).
20
Let u(d) = -274*d + 4149. Give u(15).
39
Let z(q) = -482*q - 13016. Determine z(-27).
-2
Let z(c) = c**2 + 43*c - 218. Calculate z(-48).
22
Let y(v) = -25*v**2 - 469*v + 115. Determine y(-19).
1
Let i(p) = -p**2 + 53*p - 191. Determine i(49).
5
Let z(d) = -4*d**3 - 39*d**2 - 82*d + 54. Give z(-6).
6
Let v(h) = -4*h**2 + 12*h - 86. Calculate v(5).
-126
Let f(u) = 5*u**2 - 5*u + 185. Calculate f(0).
185
Let w(a) = -a**2 + 36*a - 32. What is w(15)?
283
Let w(t) = -2*t**2 - 222*t - 6127. Calculate w(-53).
21
Let b(p) = -4*p**2 - 2005*p - 15790. Determine b(-8).
-6
Let o(g) = 562*g - 11311. Determine o(20).
-71
Let d(h) = -139*h**2 - 3613*h + 20. What is d(-26)?
-6
Let n(i) = -i**3 - 75*i**2 + 1164*i + 1751. Give n(-88).
-9
Let s(h) = 1065*h + 162951. Determine s(-153).
6
Let f(w) = 40*w + 1949. Determine f(-47).
69
Let s(u) = -2*u**2 + 20*u - 87. Give s(18).
-375
Let v(j) = 5*j**2 - 54*j + 47. Give v(9).
-34
Let l(s) = 23*s + 181. Calculate l(-12).
-95
Let u(g) = 564*g - 5068. Calculate u(9).
8
Let k(x) = x**2 - 22*x - 19. Give k(34).
389
Let b(c) = -2*c**3 - 16*c**2 - 14*c - 57. Give b(-8).
55
Let v(m) = m**3 - 104*m**2 + 492*m + 304. Give v(99).
7
Let i(h) = -14*h + 948. Determine i(76).
-116
Let y(j) = -7*j**2 + 176*j + 1535. What is y(32)?
-1
Let v(u) = -51*u**3 - 5*u**2 - 7*u - 13. Give v(-2).
389
Let m(a) = a**3 - 18*a**2 - 61*a - 30. What is m(21)?
12
Let l(w) = -24*w - 7. Give l(-1).
17
Let s(a) = 7*a**2 + 64*a - 6. Calculate s(-7).
-111
Let x(j) = 207*j + 1272. Give x(-7).
-177
Let k(l) = -l + 106. Calculate k(40).
66
Let m(r) = 2*r**3 + 31*r**2 + 13*r - 2. Give m(-15).
28
Let d(m) = -2*m**2 - 62*m + 558. Give d(-34).
354
Let j(w) = 5*w - 293. Give j(45).
-68
Let u(m) = 422*m + 17715. What is u(-42)?
-9
Let y(n) = -n**3 - 56*n**2 + 446*n + 12362. Calculate y(-60).
2
Let l(x) = 2*x**2 + 166*x + 6. Determine l(-83).
6
Let y(k) = -56*k - 2193. Calculate y(-39).
-9
Let j(c) = -6*c**2 - 22*c + 3. What is j(-3)?
15
Let m(r) = -r**3 - 6*r**2 + 4*r + 44. Calculate m(-4).
-4
Let o(b) = -b**3 - 72*b**2 - 511*b - 31. What is o(-64)?
-95
Let m(i) = -i**3 + 8*i**2 + 110*i + 44. What is m(-7)?
9
Let g(a) = 15*a**3 + 199*a**2 + 53*a - 8. Give g(-13).
-21
Let d(u) = -4*u**2 + 5*u + 17. Determine d(-2).
-9
Let p(x) = 110*x + 3600. Calculate p(-32).
80
Let q(j) = -j**2 - 113*j - 2947. What is q(-41)?
5
Let q(y) = y**3 + 81*y**2 + 1175*y - 177. Give q(-62).
9
Let i(z) = -11*z**2 - 141*z - 333. Give i(-3).
-9
Let z(c) = -c**3 - 25*c**2 + 149*c + 2566. What is z(-27)?
1
Let q(r) = -3*r**2 - 42*r - 117. Calculate q(-4).
3
Let y(g) = -g**3 + 8*g**2 + 40*g - 260. Calculate y(5).
15
Let t(m) = -111*m - 202. Determine t(-3).
131
Let g(b) = 8*b**3 + 68*b**2 + 29*b - 29. Determine g(-8).
-5
Let x(n) = -n**3 + 13*n**2 + 2*n - 30. What is x(13)?
-4
Let v(t) = -t**3 - 13*t**2 + 94*t + 80. Give v(-18).
8
Let y(i) = -167*i + 45095. Determine y(270).
5
Let r(m) = m**3 + 218*m**2 - 1333*m - 44. What is r(6)?
22
Let q(c) = -67233*c - 268930. What is q(-4)?
2
Let n(l) = 2*l**3 + 16*l + 94. Determine n(-4).
-98
Let q(l) = 8*l**3 - l**2 - 15*l + 42. Determine q(3).
204
Let d(r) = -r**2 - 101*r - 179. Calculate d(-99).
19
Let c(j) = j**3 + 30*j**2 - 3*j - 82. Give c(-30).
8
Let g(j) = -291*j - 282. Determine g(-1).
9
Let q(o) = 799*o + 31. What is q(0)?
31
Let u(l) = -l**2 - 224*l - 1518. Give u(-7).
1
Let z(v) = -5*v**3 - 80*v**2 + 70*v + 12. Give z(1).
-3
Let c(k) = 12*k**3 + 88*k**2 - 320*k + 4. Calculate c(-10).
4
Let l(q) = -q**3 - 13*q**2 - 15*q + 8. What is l(-12)?
44
Let i(h) = -42*h**2 - 2222*h + 214. Give i(-53).
2
Let z(n) = 7*n + 81. Calculate z(-7).
32
Let y(n) = -53*n + 132. Calculate y(0).
132
Let z(w) = 3*w + 90. What is z(-24)?
18
Let m(r) = -679*r + 6102. Give m(9).
-9
Let j(w) = -89*w**2 + 1881*w - 247. Determine j(21).
5
Let r(w) = -7*w**3 - 349*w**2 + 51*w + 43. Calculate r(-50).
-7
Let j(p) = -p**2 - 32*p - 136. What is j(-6)?
20
Let g(j) = -41053*j + 1. Give g(0).
1
Let p(o) = -3*o**2 + 62*o + 89. Give p(17).
276
Let i(d) = 13*d - 160. What is i(3)?
-121
Let v(x) = 59*x**2 + 2714*x + 8. Calculate v(-46).
8
Let f(l) = l**2 + 20*l +